o base 13
-12657
What is -331648 (base 12) in base 4?
-3012011120
-122101201210 (base 3) to base 6
-11201203
Convert ab4dd (base 15) to base 3.
1000122220001
What is -7919954 (base 10) in base 8?
-36154522
142333032 (base 5) to base 9
1356307
Convert 2cb50 (base 14) to base 5.
12040421
Convert -203133013010 (base 4) to base 16.
-8df1c4
Convert -112022202021 (base 3) to base 13.
-9b43a
10122112102100 (base 3) to base 11
1105153
730040 (base 8) to base 10
241696
Convert 16405345 (base 7) to base 12.
651114
Convert -cca71d (base 14) to base 4.
-122133033213
Convert 2447 (base 16) to base 3.
110201222
Convert -1015369 (base 10) to base 8.
-3677111
-a70457 (base 11) to base 4
-12202112013
What is -400875 (base 9) in base 8?
-716560
What is 4432144 (base 5) in base 8?
226566
What is -3657237 (base 10) in base 6?
-210215353
Convert 2692cb (base 16) to base 7.
30326052
What is -1ad83 (base 15) in base 13?
-30a3b
51a363 (base 13) to base 8
7215600
69249 (base 10) to base 13
2569b
What is 1d4a51 (base 14) in base 10?
1050239
13997327 (base 10) to base 14
1c050d1
Convert -1aa823 (base 15) to base 16.
-13dad8
What is 312452312 (base 6) in base 13?
118a9b4
80e27 (base 15) to base 6
12425431
1010103220 (base 4) to base 13
9a46b
3131220013 (base 4) to base 12
379407
2a500 (base 16) to base 12
84368
-107671 (base 10) to base 7
-625624
-110001001001111000010101 (base 2) to base 16
-c49e15
-4351531 (base 8) to base 11
-728776
What is -1021052 (base 6) in base 8?
-140530
What is 37395 (base 13) in base 2?
11000110100111011
-1501453 (base 9) to base 3
-1120001111210
Convert -1626532 (base 7) to base 8.
-670523
What is 3d763d (base 14) in base 4?
20020311013
-1120122021222 (base 3) to base 15
-118a2e
What is -db0e71 (base 16) in base 5?
-12133343311
What is -62331 (base 10) in base 8?
-171573
Convert -44880 (base 11) to base 7.
-360225
263472 (base 16) to base 6
125355350
1110010011010111111 (base 2) to base 7
3661250
What is -61425607 (base 8) in base 4?
-301202232013
Convert a37912 (base 11) to base 8.
6263524
Convert 11110031 (base 4) to base 16.
550d
232224022 (base 5) to base 3
1222121000220
What is -100100101101000101100 (base 2) in base 4?
-10211220230
Convert -28739 (base 10) to base 11.
-1a657
What is -105407 (base 10) in base 6?
-2131555
33233331233 (base 4) to base 3
21202202101222
33378732 (base 9) to base 16
f6c6bc
What is -110b424 (base 12) in base 9?
-6110211
Convert 10312154 (base 7) to base 14.
18b92b
Convert 493a12 (base 11) to base 16.
beb85
Convert 1347aa (base 11) to base 9.
351718
What is 11b2a1 (base 16) in base 4?
10123022201
What is 512453 (base 8) in base 15?
3523e
Convert 512425 (base 8) to base 4.
221110111
-181099 (base 15) to base 5
-244333034
What is -12bb05 (base 13) in base 4?
-1232330232
-55193 (base 11) to base 12
-3a417
607637 (base 8) to base 13
70404
3334400 (base 6) to base 4
221010000
What is 85138 (base 11) in base 3?
20022000120
-1332021201 (base 4) to base 6
-15024053
What is 842472 (base 10) in base 3?
1120210122200
What is -14532420 (base 7) in base 4?
-11102130201
What is -1030013431 (base 5) in base 6?
-114524252
Convert -a0492 (base 11) to base 6.
-3052311
What is -a126 (base 11) in base 15?
-3ec4
Convert 2d1e33 (base 16) to base 2.
1011010001111000110011
Convert -182152 (base 16) to base 4.
-12002011102
What is 5250543 (base 6) in base 7?
2112645
4121042 (base 5) to base 7
366254
Convert 25610043 (base 7) to base 15.
312dc0
Convert -138088 (base 13) to base 4.
-1303320220
Convert -90786 (base 10) to base 3.
-11121112110
What is 3621ea (base 16) in base 7?
42103635
Convert 181575 (base 9) to base 13.
3c413
-44b7 (base 15) to base 9
-21881
Convert 103020132 (base 4) to base 5.
10001431
What is -11000010000110110110011 (base 2) in base 11?
-3654812
-55568 (base 13) to base 15
-30c9b
-a1a82 (base 11) to base 13
-52ab9
What is -1121022221102 (base 3) in base 11?
-532872
What is -652648 (base 10) in base 11?
-406387
Convert -61988 (base 10) to base 16.
-f224
136155 (base 7) to base 15
7b3c
-762050 (base 9) to base 3
-212002001200
What is 4042410 (base 5) in base 2?
1111111101001011
-100322022323 (base 4) to base 14
-835523
Convert 120012011022010 (base 3) to base 9.
16164263
Convert -13132210321 (base 4) to base 7.
-22443004
Convert 1101101100001010000 (base 2) to base 3.
211210100112
What is 2c78d (base 15) in base 6?
3024054
What is 1201011012122 (base 3) in base 14?
19911c
16063402 (base 7) to base 14
2c3102
What is 69336 (base 16) in base 5?
102242102
Convert -1003300323 (base 4) to base 2.
-1000011110000111011
-12201010111202 (base 3) to base 15
-3edd45
Convert 10100011011101101000 (base 2) to base 8.
2433550
What is -1217331 (base 10) in base 12?
-4a8583
What is -1001012110012 (base 3) in base 4?
-2013201122
What is 487597 (base 10) in base 7?
4100365
Convert -70742 (base 9) to base 8.
-132704
What is -323ca (base 13) in base 10?
-90750
What is -102110 (base 5) in base 11?
-2616
Convert 1192907 (base 10) to base 5.
301133112
Convert -111110001111100100 (base 2) to base 15.
-50818
What is 34b78 (base 12) in base 3?
10121010002
-8a588 (base 15) to base 11
-280643
What is 2322400 (base 6) in base 3?
20002100100
What is -2402325 (base 7) in base 12?
-127696
What is 113222133 (base 4) in base 13?
3516c
What is -49b289 (base 15) in base 14?
-67ca61
Convert 1316032 (base 7) to base 6.
3410504
What is 323d (base 15) in base 6?
121121
7701431 (base 11) to base 6
1201555301
-1548a3 (base 11) to base 5
-30200121
What is 1230023121 (base 4) in base 16?
6c2d9
Convert -11417 (base 9) to base 8.
-16716
Convert -343250414 (base 6) to base 11.
-3627963
-355566 (base 11) to base 13
-16975a
Convert 3018553 (base 12) to base 14.
12a1623
Convert 560681 (base 9) to base 11.
209900
What is -416825 (base 10) in base 16?
-65c39
What is 7720465 (base 10) in base 5?
3434023330
What is e0ce (base 16) in base 3?
2220221111
-1212113211 (base 4) to base 8
-1462745
What is -200212111 (base 3) in base 4?
-3112330
3759765 (base 10) to base 2
1110010101111010010101
2a2a41 (base 14) to base 10
1467313
What is 531652 (base 9) in base 5?
40104230
Convert 1040057 (base 11) to base 16.
1bed2b
What is 2461134 (base 7) in base 6?
10445113
-e0cea (base 16) to base 11
-579900
Convert 48427 (base 15) to base 12.
b1431
What is 214042132 (base 5) in base 9?
1658357
What is -5200111 (base 9) in base 5?
-1202303034
What is -21212202212 (base 3) in base 13?
-557a8
Convert 20020210022 (base 3) to base 5.
12414142
-98857 (base 12) to base 14
-536cb
Convert -244140 (base 7) to base 15.
-d37c
134441 (base 6) to base 2
11000110011001
Convert -334e73 (base 15) to base 7.
-26540256
-111011110001100 (base 2) to base 12
-15864
What is -2040400 (base 5) in base 15?
-a06a
Convert -11020211 (base 3) to base 11.
-2369
What is 302322550 (base 6) in base 16?
4eb742
What is 11110100101011010 (base 2) in base 10?
125274
What is -17148574 (base 9) in base 10?
-8594653
4e93e (base 15) to base 4
331132322
3c036 (base 14) to base 15
2ddb9
-2311 (base 10) to base 15
-a41
Convert -11011101111001 (base 3) to base 9.
-4141431
Convert -c17aa (base 14) to base 10.
-465258
-234010404 (base 5) to base 12
-440406
46b5d (base 15) to base 13
7b72a
-14bc4e (base 16) to base 2
-101001011110001001110
What is 87acd (base 14) in base 7?
2536146
Convert -302434201 (base 5) to base 16.
-129603
Convert 100010100100111100110 (base 2) to base 12.
467832
Convert -2411612 (base 7) to base 4.
-1022212211
Convert 10122202000 (base 3) to base 7.
416601
Convert 185bd (base 14) to base 13.
21ccc
20432522 (base 7) to base 4
12210201200
Convert 18aa1c (base 13) to base 10.
623466
Convert -33003002100 (base 4) to base 8.
-17030220
What is -205420521 (base 6) in base 5?
-1412021101
135055211 (base 7) to base 4
201231211331
What is d711 (base 16) in base 12?
27a41
What is 3001120424 (base 5) in base 8?
26333301
270b5 (base 13) to base 8
215711
What is -29d518 (base 15) in base 14?
-3a7d0a
Convert 10130131330 (base 5) to base 15.
da53b0
-20330100131 (base 4) to base 7
-25631501
32002000 (base 4) to base 8
160200
What is -2e9cc (base 16) in base 4?
-232213030
What is 1c2343 (base 13) in base 5?
141001411
-74edc (base 15) to base 6
-11542400
354101 (base 7) to base 12
30b48
Convert -30132123 (base 4) to base 14.
-14